 by 453?
88
Calculate the remainder when 3031070 is divided by 430.
0
Calculate the remainder when 38604 is divided by 14375.
9854
Calculate the remainder when 37134841 is divided by 45.
31
What is the remainder when 2214383 is divided by 755?
723
What is the remainder when 11477 is divided by 2943?
2648
What is the remainder when 2788867 is divided by 226?
27
Calculate the remainder when 3795142 is divided by 243.
211
What is the remainder when 45583229 is divided by 52?
29
What is the remainder when 130170 is divided by 349?
342
What is the remainder when 138680 is divided by 3751?
3644
What is the remainder when 10929449 is divided by 2712?
89
What is the remainder when 18121 is divided by 1329?
844
What is the remainder when 1699025 is divided by 53?
4
Calculate the remainder when 17860 is divided by 307.
54
What is the remainder when 2375438 is divided by 6?
2
What is the remainder when 26959663 is divided by 9768?
9751
Calculate the remainder when 15577 is divided by 4624.
1705
Calculate the remainder when 9285715 is divided by 9285714.
1
Calculate the remainder when 1323413 is divided by 264656.
133
What is the remainder when 18051785 is divided by 2005749?
44
What is the remainder when 4220401 is divided by 319?
31
What is the remainder when 2352996 is divided by 324?
108
Calculate the remainder when 63287015 is divided by 25.
15
What is the remainder when 154527687 is divided by 29?
27
Calculate the remainder when 26305141 is divided by 132854.
49
Calculate the remainder when 6074636 is divided by 198.
194
Calculate the remainder when 1411339 is divided by 705645.
49
What is the remainder when 218646 is divided by 11699?
8064
What is the remainder when 2456672 is divided by 1228307?
58
What is the remainder when 133003 is divided by 2892?
2863
What is the remainder when 14657280 is divided by 202?
160
Calculate the remainder when 326979539 is divided by 60.
59
What is the remainder when 10545813 is divided by 8?
5
Calculate the remainder when 46636 is divided by 292.
208
Calculate the remainder when 158672 is divided by 592.
16
Calculate the remainder when 1542267 is divided by 52.
51
What is the remainder when 86010 is divided by 82890?
3120
What is the remainder when 111928 is divided by 500?
428
What is the remainder when 261619946 is divided by 1538?
1532
What is the remainder when 2518473 is divided by 132526?
479
What is the remainder when 49742374 is divided by 1507343?
55
What is the remainder when 5025970 is divided by 26?
14
Calculate the remainder when 12293554 is divided by 1251.
1228
What is the remainder when 248221885 is divided by 4595?
4580
Calculate the remainder when 857930 is divided by 285703.
821
Calculate the remainder when 8513329 is divided by 10.
9
Calculate the remainder when 6065902 is divided by 539.
535
Calculate the remainder when 1333326 is divided by 3633.
15
Calculate the remainder when 4613615 is divided by 29574.
71
What is the remainder when 13687117 is divided by 310?
307
Calculate the remainder when 25166 is divided by 713.
211
What is the remainder when 2714220 is divided by 4917?
36
Calculate the remainder when 1218474 is divided by 5014.
72
What is the remainder when 69953 is divided by 497?
373
What is the remainder when 648725 is divided by 19074?
209
Calculate the remainder when 2287043 is divided by 4307.
26
What is the remainder when 276248617 is divided by 171?
169
Calculate the remainder when 58303335 is divided by 952.
951
What is the remainder when 31932 is divided by 3511?
333
What is the remainder when 1191312 is divided by 595603?
106
Calculate the remainder when 2875180 is divided by 1059.
1054
Calculate the remainder when 2517181 is divided by 2867.
2822
What is the remainder when 26072684 is divided by 22?
0
What is the remainder when 50695598 is divided by 1146?
1142
What is the remainder when 8373 is divided by 1594?
403
What is the remainder when 86192643 is divided by 6156616?
19
What is the remainder when 20129444 is divided by 142762?
2
What is the remainder when 2140977 is divided by 3228?
813
What is the remainder when 22669779 is divided by 2702?
2701
Calculate the remainder when 129643991 is divided by 977.
976
Calculate the remainder when 24720092 is divided by 916.
0
Calculate the remainder when 129921 is divided by 992.
961
Calculate the remainder when 2553889 is divided by 17613.
4
What is the remainder when 1087773 is divided by 741?
726
Calculate the remainder when 263156 is divided by 1615.
1526
Calculate the remainder when 46944 is divided by 4611.
834
Calculate the remainder when 55361240 is divided by 60438.
32
What is the remainder when 59611 is divided by 56493?
3118
Calculate the remainder when 779694 is divided by 2215.
14
What is the remainder when 277091 is divided by 6920?
291
What is the remainder when 9732411 is divided by 4866146?
119
What is the remainder when 170730 is divided by 730?
640
Calculate the remainder when 996838 is divided by 780.
778
What is the remainder when 1995045 is divided by 282?
177
Calculate the remainder when 3239709 is divided by 122.
121
What is the remainder when 318511 is divided by 410?
351
Calculate the remainder when 1717264 is divided by 383.
275
Calculate the remainder when 3366312 is divided by 1865.
1852
What is the remainder when 6733071 is divided by 841633?
7
Calculate the remainder when 4759006 is divided by 183038.
18
What is the remainder when 550043 is divided by 7?
4
Calculate the remainder when 85113896 is divided by 50.
46
What is the remainder when 1154965 is divided by 1785?
70
What is the remainder when 1908794 is divided by 919?
31
Calculate the remainder when 2057957 is divided by 681.
656
What is the remainder when 285740 is divided by 71147?
1152
What is the remainder when 6246436 is divided by 1466?
1276
Calculate the remainder when 261951 is divided by 130718.
515
What is the remainder when 443922 is divided by 36975?
222
Calculate the remainder when 49433 is divided by 9869.
88
Calculate the remainder when 1452656 is divided by 11.
7
What is the remainder when 5634717 is divided by 360?
357
What is the remainder when 3520974 is divided by 46?
42
What is the remainder when 10356171 is divided by 61?
18
What is the remainder when 434015 is divided by 362?
339
What is the remainder when 36265729 is divided by 49?
45
What is the remainder when 9827 is divided by 3382?
3063
Calculate the remainder when 2816525 is divided by 512.
13
Calculate the remainder when 2666180 is divided by 26139.
2
Calculate the remainder when 11605131 is divided by 7998.
33
Calculate the remainder when 15124748 is divided by 119.
86
Calculate the remainder when 85409 is divided by 7725.
434
Calculate the remainder when 125747 is divided by 183.
26
Calculate the remainder when 116954 is divided by 1669.
124
Calculate the remainder when 542401 is divided by 26.
15
What is the remainder when 335406 is divided by 1363?
108
Calculate the remainder when 62530509 is divided by 178.
177
What is the remainder when 2579238 is divided by 2579193?
45
What is the remainder when 430246 is divided by 239?
46
What is the remainder when 12135632 is divided by 1252?
1248
What is the remainder when 3096527 is divided by 515996?
551
Calculate the remainder when 387074311 is divided by 2326.
2325
What is the remainder when 11240131 is divided by 19?
16
Calculate the remainder when 2267442 is divided by 1276.
1266
Calculate the remainder when 4986760702 is divided by 1536.
1534
Calculate the remainder when 16828 is divided by 7949.
930
What is the remainder when 1730748 is divided by 2469?
2448
Calculate the remainder when 3432195 is divided by 671.
30
What is the remainder when 86930883 is divided by 8531?
8524
What is the remainder when 504280170 is divided by 206?
204
Calculate the remainder when 19086833 is divided by 4677.
4673
What is the remainder when 2467188 is divided by 51394?
276
What is the remainder when 11717594 is divided by 30?
14
Calculate the remainder when 20420540 is divided by 6.
2
Calculate the remainder when 58771 is divided by 754.
713
Calculate the remainder when 93481 is divided by 1586.
1493
What is the remainder when 85943 is divided by 4161?
2723
Calculate the remainder when 51950095 is divided by 3640.
15
Wha